*b + 4*j - j. Give i(b).
-5
Suppose -y = -2*t + 4, 3*t - 11 = -y - 0*t. Let w = y + -3. Let c(f) be the second derivative of 2*f**4/3 - f**2/2 + 4*f. Give c(w).
7
Let n(h) = 5*h - 4*h + 6*h + 7 + 0*h - h**2. Calculate n(7).
7
Suppose z = -2*z. Suppose -2*j - 14 = 5*g - j, z = 5*g + 2*j + 18. Let w(s) = -s**2 + 3*s + 3. Give w(g).
-7
Let k = 5 - -1. Let l(c) = c - 4. Let i be l(k). Let f(r) = 2 - 12*r**2 + r**3 + 2*r + 18*r**2 - 10*r**2. Determine f(i).
-2
Let f(i) = -2*i**2 + 2*i + 6. Let a(c) = 3*c**2 - 2*c - 6. Let w(m) = 3*a(m) + 4*f(m). Give w(-4).
14
Let m be (16 + -20)*(-2)/(-8). Let s(w) = -4 + 1 + 7*w**3 + w**2 + 4 + 2*w. What is s(m)?
-7
Let s be 1 - (-3 - -7) - 2. Let h(l) = l**3 + 6*l**2 + 3*l - 2. Determine h(s).
8
Let l(c) = c + 6. Let x be (4/6)/((-4)/(-6)). Suppose 15 + x = -4*n. Calculate l(n).
2
Let r be -2*(-3)/3 - 2. Suppose -3*a + r*a - 2 = -5*h, 4*h - 40 = -4*a. Let z(m) = 0*m - 1 + a*m + 2. What is z(-1)?
-5
Let w be 11/9 - (-2)/(-9). Let b be 12/10 - w/5. Let u(f) = -6*f**2 + 2*f - 1. Determine u(b).
-5
Let l(r) be the third derivative of r**5/60 + r**4/4 + r**3/2 + 7*r**2. Determine l(-6).
3
Let b(n) = -n**3 - 2*n**2 + 5*n - 5. Let f(p) = -p**3 - 2*p**2 + 4*p - 4. Let u(s) = -4*b(s) + 5*f(s). Calculate u(-1).
-1
Let l(g) = -g**2 - 5*g - 2. Suppose -4*m = 1 + 7. Let h = m + 3. Suppose v + h = -4. What is l(v)?
-2
Suppose 6*l + 4*c - 108 = 2*l, -4*c + 86 = 3*l. Suppose 4*o - 6*o + l = 0. Let z = o - 7. Let i(y) = y**2 - 3*y + 4. What is i(z)?
8
Suppose 30 = 5*g + 5. Let b be 16/20*g/2. Let d(y) = -6*y + 3. What is d(b)?
-9
Let t(u) = 2 + 10*u + u**3 - 2*u + 2 + 7*u**2. Determine t(-6).
-8
Let b(u) = 4*u**2 + 6*u - 2 - u**3 + 1 - 1. Let z = 393 + -388. Determine b(z).
3
Let g(o) = -o**2 + 3*o - 2. Let q(d) = -d. Suppose 0 = 3*i + 2*m + 1 + 4, 0 = 5*i + 4*m + 11. Let f(x) = i*g(x) + 3*q(x). What is f(0)?
-2
Let k(t) = 4 + 0 - 2*t + 3*t - 2. Give k(5).
7
Let g(i) = 4 + 0 + i - 3. Let w be -1 - (-5 + 4/2). Let z(t) = -t + 2. Let s(h) = w*g(h) + z(h). Give s(-4).
0
Let a(p) = p. Suppose -4*j - 21 = 7. What is a(j)?
-7
Let v(z) = z**3 - 2*z**2 - 2*z - 5. Let q(a) = 3*a**3 - 7*a**2 - 5*a - 16. Let r(k) = -2*q(k) + 7*v(k). What is r(-3)?
-18
Suppose 2*n - 4*n = 0. Let q be (-70)/(-40) - (-2)/8. Let h = q - n. Let r(t) = -t**3 - t**2 + t + 2. Determine r(h).
-8
Let y(m) = 5*m - 24. Let f(o) = o - 5. Let b(k) = 11*f(k) - 2*y(k). Let n be (-3 - -2)/(1/(-14)). Suppose 4 = -2*q + n. Calculate b(q).
-2
Let q(h) = -h**2 + 3*h + 1. Let u be q(3). Let w(r) = -4 + 0*r - u - r. Suppose -l + 5*x + 12 = 0, l = -l + 2*x. What is w(l)?
-2
Let i(x) = -2*x - 23. Let o be i(-11). Let f(v) = 7*v + 7. Let r be (-1)/((-22)/(-10) - 2). Let b(y) = -3*y - 4. Let g(m) = r*b(m) - 3*f(m). Calculate g(o).
5
Let f(q) = 2*q**3 + 4*q**2 + 3*q + 5. Let k(s) = 3*s**3 + 5*s**2 + 4*s + 7. Let j(y) = -4*f(y) + 3*k(y). Let x = 1 - 1. Give j(x).
1
Suppose -4 = -0*q - 4*q. Suppose q - 13 = 4*t. Let k(p) be the third derivative of -p**6/120 - p**5/30 - p**4/24 - p**3/2 + p**2. Give k(t).
9
Let z(g) be the first derivative of -5*g**4/4 - g**3/3 + g + 5. What is z(-1)?
5
Let g(t) = t**3 + 7*t**2 - 9*t - 6. Suppose -f - 2*m = 4, -m - 8 = -5*m. What is g(f)?
2
Let c(h) be the first derivative of -2*h**4 - h**2/2 - h + 15. Calculate c(-1).
8
Let n(r) = r + 7. Let p be n(-12). Let h(d) = d**3 + 5*d**2 + 2*d + 6. Let u be h(p). Let s(l) = -l - 4. Give s(u).
0
Let b(i) = -i**3 - 4*i**2 + 7*i + 3. Suppose p = -2*p + 9. Suppose -4*u = 2*v - 44, p*v - 41 = v - u. Suppose 0 = -3*a - a - v. Give b(a).
-7
Suppose -3*k - 10 = -8*k. Let d be (3/(-5))/(12/(-60)). Let g(p) = d - p**2 - 2 + 2 + k*p. Determine g(4).
-5
Let a(y) = -6*y + 3 + 0*y**2 + 0 - 2*y**2 + 3*y**2. Determine a(7).
10
Let m(g) = -8 + 7*g - g**2 - 6*g**2 + 25. Let t(d) = 4*d**2 - 4*d - 9. Let p be 1 + 3 - (-1)/(-1). Let y(j) = p*m(j) + 5*t(j). Calculate y(0).
6
Suppose 0 = -5*z + 6 + 4. Let h be z - 0 - (-1 - -2). Let l(d) = 6*d**3 - 2*d + 1. Give l(h).
5
Suppose -4*g - 16 = -3*o, -6*g - 2*o - 4 = -5*g. Let q(c) = -c**2 - 7*c - 1. What is q(g)?
11
Let c(i) be the second derivative of 0 + 1/20*i**5 - i**2 + 1/4*i**4 + 2*i - 2/3*i**3. Give c(-4).
-2
Let b = -22 + 23. Let c(r) = -7*r. Give c(b).
-7
Let x(l) = -l + l**3 + 2 + l**2 - 3*l + 3*l. Let n be 0/(-3 + -1 + 3). Give x(n).
2
Let l(p) = -2*p**3 - 5*p + 4. Let y(s) = s**3 + 6*s - 5. Let r(z) = 4*l(z) + 3*y(z). Give r(1).
-6
Let n(f) = -f**2 - 7*f - 9. Suppose x + x - r = 15, -2*x + 5*r = -11. Suppose -x*g + 15 = -3*g. Let z be -2 + (-4)/3*g. Calculate n(z).
-3
Suppose 4*y - 18 = -0*p + 2*p, 0 = -3*y + 5*p + 10. Suppose -3*u + 3*f = 2*f - 18, -y*f = 5*u - 30. Let q(n) = -n**2 + 4*n + 1. What is q(u)?
-11
Let q(y) = -y**3 + 14*y**2 - 15*y + 1. Let m be q(13). Let c be (2/5)/((-5)/m). Let a(l) = -2*l**2 + 2*l. Determine a(c).
-4
Let g(w) be the first derivative of 1/2*w**2 - 1 - 7*w. Suppose -2*t - 5 = 5*p, 4*p + 3 = 5*t + p. Calculate g(t).
-7
Let a(u) = -2*u**2 + 5*u + u**3 - 4*u**2 + 0*u**2 + 4. Let h be (-8 - 1)/(18/12). Let z be h/8 + 138/24. Determine a(z).
4
Let m(q) be the first derivative of q + 0*q**2 + 1/3*q**3 + 5. Let v be 1 + -1 + 0/2. What is m(v)?
1
Let s(d) be the first derivative of d**3/3 + 2*d - 1. Let x(h) = -2*h - 2. Let y be x(-2). Suppose -j + y*j = 3*f + 15, 5*j - 2*f = 10. Calculate s(j).
2
Suppose -3*t = 6 + 12. Let f = t + 11. Suppose -5*o + 2*y = -y - 8, -f*y = -4*o + 9. Let i(v) = 2*v - 1. Calculate i(o).
1
Let d(v) = 2. Let w be ((-12)/(-15))/((-14)/35). Let h = 0 + 9. Let l(p) = p + 8. Let r(s) = h*d(s) + w*l(s). What is r(2)?
-2
Let p(x) = -x**2 + x + 5. Let i = -31 - -36. What is p(i)?
-15
Let a(g) = g**2 - 7*g - 3. Let c be 106/14 + ((-45)/35)/(-3). Determine a(c).
5
Let i = -10 + 12. Let u(s) = -i*s + 4*s**2 - 5*s**2 + 8*s. Let n be (8/(-4))/(2/(-4)). What is u(n)?
8
Let b(p) = p - 3. Suppose -4*n + 27 = -n + 2*t, 0 = -5*t + 15. Give b(n).
4
Let o(v) = -v + 1. Let h(c) = 2*c + 15. Let t(j) = -h(j) - o(j). What is t(-7)?
-9
Let a(i) be the second derivative of i**6/360 + i**5/120 + i**3/3 + i. Let w(k) be the second derivative of a(k). Calculate w(-1).
0
Let i be (-124)/44 - (-6)/(-33). Let w(a) = 2*a**3 + 2*a**2 + 3*a + 5. Let q(u) = -u**3 + u**2 + u - 1. Let b(n) = i*q(n) - w(n). Calculate b(6).
-2
Suppose 0 = -5*x + 10*x - 30. Let m(n) = -n + 2. Let v(p) = -p + 2. Let z(i) = 4*m(i) - 3*v(i). Determine z(x).
-4
Let i(p) be the first derivative of 5*p**2/2 + p + 6. Give i(-2).
-9
Let f(k) be the third derivative of -1/3*k**3 + 1/6*k**4 + 0 + 0*k + 1/60*k**5 - 8*k**2. Determine f(-5).
3
Suppose 3*w - 3*o = 3, 3 = 2*w - o - 0. Let i = -13 - -19. Suppose i = 2*k - w*z, 5*z + 2 = -2*k + 1. Let m(t) = t - 2. Determine m(k).
0
Let p(j) = -j**3 + 5*j**2 - 5*j + 4. Let a(m) be the first derivative of -12*m + 2*m**2 - m**2 + 3 + 10*m. Let q be a(3). Determine p(q).
0
Let i = -9 + 14. Suppose 3*x + 4 = i*w, -2*x - 3*x = -3*w - 4. Suppose -w*c - 23 = c - 2*l, l = -2*c - 6. Let z(h) = h**2 + 7*h + 7. Give z(c).
-3
Let z(h) = h**3 - 2*h**2 - h + 2. Let v be z(2). Suppose -3*p + 2 + 13 = v. Let k(c) = -c**3 + 4*c**2 + 4*c + 2. What is k(p)?
-3
Let n = -20 - -16. Let r(b) = -b**2 - 6*b - 1. Determine r(n).
7
Let q = 21 + -26. Let m(h) = h**2 + 6*h + 4. Calculate m(q).
-1
Suppose -6*i - 4*m = -i + 5, 4*m = 0. Let y(r) = -4*r**3 - r + 1. Let o be y(1). Let g = i - o. Let x(b) = -b**2 + 2*b + 2. Calculate x(g).
-1
Suppose -5*l - 21 = 3*b, -8*l + 5*b - 2 = -4*l. Let w(m) = m**3 + 3*m**2 - 2. Give w(l).
-2
Let f(l) be the second derivative of l**5/20 - 7*l**4/12 + 4*l**3/3 + 3*l**2 + 15*l + 2. Determine f(6).
18
Let q(r) = r - 4. Suppose 6 = -2*l + u - 4, 3*u = 2*l + 10. Calculate q(l).
-9
Let j be 8*4/(80/(-15)). Let x(n) = -n**3 - 7*n**2 - 7*n + 2. Determine x(j).
8
Let k(q) be the third derivative of q**6/120 - q**5/15 + q**4/6 - 2*q**2. Determine k(3).
3
Let a(d) = -d**2 - 6*d. Let x(q) = 2 - 8*q + 1 + 2. Let k be x(-6). Let u be (-4)/22 + k/(-11). Determine a(u).
5
Let c(i) = -8*i**2 - 38*i + 29. Let s(q) = -3*q**2 - 13*q + 10. Let h(w) = -4*c(w) + 11*s(w). Calculate h(5).
14
Suppose -2*n + 3*h = -9, 6*h - h = 4*n - 13. Let r(c) be the third derivative of 1/6*c**4 + 1/60*c**5 + 0 + 0*c - 2/3*c**3 - c**2. What is r(n)?
-7
Suppose t = -3*n - 3, 0 